 o be n(40). Determine d(o).
8
Let t(o) = 4*o - 32*o + o**3 + 27*o + 21. What is t(0)?
21
Let s(k) = -k**2 + 3*k + 6. Let h be s(3). Let f be 3/(-2)*(8 - h). Let a(d) = d**3 + 5*d**2 + 3*d - 2. Determine a(f).
7
Let j(h) = -h**2 + 7*h - 3. Let m = -37 - -43. Let o(b) = b**3 - 5*b**2 - 7*b + 12. Let f be o(m). Calculate j(f).
3
Let f(r) = r**3 - 5*r**2 - 7*r - 1. Let c = 1007 - 1001. Give f(c).
-7
Let t(c) = -3*c**3 + c - 5. Let k(q) = -5*q**3 - q**2 + q - 10. Let a(z) = 4*k(z) - 7*t(z). Let r = -7 + 6. Let x(f) = -4*f + 1. Let u be x(r). Calculate a(u).
5
Let d(u) = -u**2 + 6*u - 5. Let n = -207 + 212. What is d(n)?
0
Let y(f) = -f + 2. Let b(w) = -5*w. Let t be b(1). Let i(r) be the first derivative of -r**2/2 - 3*r + 4. Let g be i(t). Give y(g).
0
Let d(q) = -2*q. Suppose 3*g + 16 + 5 = 0. Let a = -15 - g. Let n be 48/a + -2 + 5. What is d(n)?
6
Let f(l) = 9*l + 29. Let v(m) = 5*m + 16. Let i(a) = -3*f(a) + 5*v(a). Determine i(7).
-21
Let q = 1 - 5. Let j(s) = -s**2 - 10*s - 1. Let c(i) = i. Let p(r) = -6*c(r) - j(r). Determine p(q).
1
Let i(o) = -3*o**3 + 20*o**2 + 40*o - 2. Let v be i(-2). Let p(z) = -z**3 + 21*z**2 + 22*z - 7. What is p(v)?
-7
Suppose -3*m + 1 = p, -9 - 1 = 2*p. Let z(i) = -3*i**m + i**3 + 3 - 1 - 4*i + 4*i**2 + 1. Give z(2).
7
Let f(l) = l**2 + 9*l - 2. Let s = -502 - -498. Determine f(s).
-22
Let k(o) be the first derivative of -o**4/4 + 7*o**3/3 + 24. Let f be 4 - (6/1)/(-2). What is k(f)?
0
Suppose 5*c - 1 = 9. Let x(a) = 11*a**2 + a + 7. Let y(n) = -17*n**2 - 2*n - 11. Let v(i) = 8*x(i) + 5*y(i). Determine v(c).
9
Let v(p) be the first derivative of p**5/60 + 5*p**2/2 + 4. Let d(y) be the second derivative of v(y). Give d(2).
4
Let a(q) = q**3 - 6*q**2 - 5*q + 12. Suppose 5*u + 4*y - 23 = 7, -5*y + 24 = 4*u. Calculate a(u).
-18
Let o(t) = t + 1. Let q(l) = -2*l**2 + 5*l + 4. Let r be q(3). Let a(p) = 4. Let c(s) = r*a(s) - 2*o(s). Determine c(-3).
8
Let j(w) = -6*w - 2 - w - 5 - 4 + 5*w. Give j(-10).
9
Let h(p) = 35*p**3 - 79*p**3 + 4 + 43*p**3 - 5*p**2. Give h(-5).
4
Let z be 24/(-10)*1485/(-132). Let g = 0 + 0. Suppose 4*i - 3*h + z = -g*h, i - 5*h = -28. Let f(p) = p**2 + p + 4. Give f(i).
10
Let f(a) = -1 + 6*a - 3*a - 4*a - 4. Determine f(0).
-5
Let v be 76/(-16) + (-3)/12. Let u = 1 - -4. Let q(f) = -f + 1. Let r(m) = -3*m + 9. Let c(g) = u*q(g) - r(g). Determine c(v).
6
Let k(x) = -29*x + 31728*x**3 - 15865*x**3 - 27*x**2 - 15862*x**3 + 18. What is k(28)?
-10
Let w(z) = -5*z - 3. Suppose 0 = 77*o - 87*o - 40. Give w(o).
17
Let q(t) = -3*t**3 - 19*t**2 + 31*t - 23. Let x(g) = -g**3 - 6*g**2 + 10*g - 8. Let a(u) = 3*q(u) - 8*x(u). Determine a(-10).
-35
Let b(l) = 3 + 1543*l**3 + 4*l + 1543*l**3 - 3087*l**3. What is b(-2)?
3
Let m(y) = -3*y**2 - 8*y + 2. Let d(g) = -7*g**2 - 23*g + 9. Let h(x) = -x + 1. Let u(p) = d(p) - 6*h(p). Let q(c) = 5*m(c) - 2*u(c). What is q(-6)?
4
Let o(w) = -w**3 - 8*w - 4. Let f(i) = 3*i**3 + i**2 + 23*i + 11. Let h(n) = 3*f(n) + 8*o(n). Determine h(-3).
-14
Suppose 0 = 5*f + 10, -4*u - u - 4*f = 18. Let p(t) = t**2 + 5*t - 14. Let r be p(-7). Let h(a) = r*a**2 + 4*a**2 - a**3 - 6*a**2 - a. Determine h(u).
2
Suppose -5*y + 9 = 4*q, 5*y - 20 = -2*q - 3. Let h(x) = -x - 2. Give h(q).
2
Let t(r) = r**3 - 6*r**2 + 8*r - 1. Suppose 11*u + 82 = 115. Give t(u).
-4
Let d(c) = c**3 - 5*c**2 + 5*c + 3. Suppose 0*m - 3*m = -9. Suppose -4*l + 7 - 3 = -4*s, -4*l = m*s - 25. Calculate d(l).
7
Let n(m) = -7*m**3 + 6*m**2 + 7*m + 7. Let v(l) = 8*l**3 - 7*l**2 - 8*l - 8. Let u(y) = -2*y - 8. Let j be u(-7). Let a(x) = j*v(x) + 7*n(x). What is a(-2)?
7
Let r(k) be the third derivative of k**5/60 - k**4/6 + k**3/6 + 2*k**2. Suppose 7*a - 2 = 26. Suppose -3*n + 1 = 5*j, 0 = a*j + 2*n - 4*n - 14. Determine r(j).
-3
Let j(s) = 8*s. Let h be (3/15)/((-7)/35). Let o(d) be the second derivative of -d**3/6 + 3*d. Let r be o(h). Give j(r).
8
Suppose 4 = -o + 2*x + 9, -2*x - 4 = 0. Let q(z) be the first derivative of -7*z**3 + z + 483. Calculate q(o).
-20
Let a(n) be the second derivative of -3*n + 0 + 1/6*n**3 - 1/2*n**2. Suppose 0 = 3*f - 2*f - 3. What is a(f)?
2
Let p(j) = 3*j + 2. Let v(w) = 2*w + 28. Let t be v(-12). Suppose -13 = -5*h + a, t*a - 20 = -3*h - h. Calculate p(h).
11
Suppose 3*p - 3*l = -8*l + 15, -3*p = l - 3. Let o(t) = -t**2 - 4. Determine o(p).
-4
Suppose 0 = -2*f - 63 + 55. Let a(p) = -p**3 - 3*p**2 + 3*p + 1. Determine a(f).
5
Let z = -1 + 11. Suppose -2*d + z = 2*o, -5*o + o = 5*d - 25. Suppose 2*w + 3*w - 15 = o. Let k(i) = 2*i - 2. What is k(w)?
4
Let t(d) = 3*d**2 + 3*d - 5. Let v(z) = -6*z**2 + 5*z**2 + z + 0*z**2. Let x(w) = t(w) + 2*v(w). Determine x(-6).
1
Suppose -2*z + 37 = 23. Let v(i) = -i**3 + 8*i**2 - 8*i + 9. What is v(z)?
2
Let v(z) = -z**3 - 22*z**2 - 20*z + 25. Let m be v(-21). Let n be (-30)/m*(-36)/45. Let a(j) = j**2 - 5*j + 3. Give a(n).
9
Let t = 10 + -7. Suppose 6*d = t*d - 9. Let i(a) = 2*a + 4*a - a - 2*a + 4. Calculate i(d).
-5
Let k(c) be the first derivative of -c**4/4 + 7*c**3/3 - 3*c**2/2 - 8*c + 2. Let x be (-1 + 1 - 0)/2. Suppose x = -4*y + 7*y - 18. What is k(y)?
10
Let b(m) = m**2 + 3*m - 3. Suppose -417*r = -384*r + 198. Determine b(r).
15
Let u = -91 - -93. Suppose 2*b + u = -k + 4, 0 = 4*b + 5*k + 2. Let x(t) = -t - 2. Determine x(b).
-4
Let w(m) = 0 + 0 - 2*m + 3. Suppose -4*o = 5*p - o - 28, 0 = -p + 2*o + 3. Suppose 4*a = -29 + p. What is w(a)?
15
Suppose 0 = -3*r - t - t + 15, 4*t = -2*r + 10. Suppose 4*m - r*x - 8 = 0, 2*m = -m - 5*x + 6. Let y(z) = 7 + m - 2*z - 3 + 1. Give y(5).
-3
Let w = 92 + -86. Let h(b) = 2*b - 15 - w*b + b**2 + 5. Give h(7).
11
Let a(c) = -11*c**2 - c. Let u(k) = -k**2 - k + 1. Suppose 2*w - 6 = 2. Let b(j) = -j**2 + 4*j. Let t be b(w). Let x be u(t). Give a(x).
-12
Let z(x) = -x**3 - x**2 + 2*x - 1. Let r(a) be the second derivative of a**3/6 - 5*a**2/2 + 5*a. Let h be r(6). What is z(h)?
-1
Let n(o) = -o**2 - 17*o - 14. Let x be n(-14). Let z(i) = -2*i + x - 16 - 12. Give z(-2).
4
Let f(x) = x**2 - 6*x + 7. Let h be f(5). Suppose j - h = -3. Let k(d) = -23*d - 2. Let r(w) = -15*w - 1. Let l(o) = -4*k(o) + 7*r(o). What is l(j)?
14
Let j(r) be the first derivative of -5*r**2/2 + 79*r - 577. Give j(17).
-6
Let g = -364 - -364. Let k(w) = 2*w**2 - 2*w**2 - w + w**2 - 4. Calculate k(g).
-4
Let m = 54 + -45. Let f(i) = 2*i - 14. Let l be f(m). Let j(g) = -3*g + 3. Calculate j(l).
-9
Let r(w) = -2*w + 4*w - 1 - 3*w. Let o(l) = 2*l - 24. Let n be o(12). Suppose n = -4*k - 4 - 0. What is r(k)?
0
Suppose 6 = 2*x - 12. Let f be ((-2)/4)/(13/(-52)). Let j = x - f. Let d(t) = -t**3 + 6*t**2 + 8*t - 8. Calculate d(j).
-1
Let b(f) = 9027 - 2*f + 3*f - 9021. Determine b(-5).
1
Let u(l) = 3*l + 1. Let o(b) = -1. Let i(a) = -6*o(a) - u(a). Calculate i(0).
5
Let g(u) = -u**2 + 9*u - 9. Suppose 0 = 88*r - 95*r + 49. Determine g(r).
5
Let o(l) = l**3 - l**2 - 1. Let v(j) = -j**3 - 2*j**2 + 4. Let m be (-6)/18 - (-4)/(-6). Let u(r) = m*v(r) - 2*o(r). Let p = 1 + 3. Calculate u(p).
-2
Let h(p) = 99 - 113 + p + 39. Give h(-28).
-3
Let o(l) be the second derivative of -12 + 0*l**2 + l - 1/6*l**3. What is o(2)?
-2
Let y(b) = 13*b**3 - 13*b**2 - 5*b + 29. Let m(o) = -2*o**3 + 2*o**2 + o + 1. Let l(x) = -6*m(x) - y(x). What is l(0)?
-35
Suppose -f + 24 = 3*f. Let x(i) be the second derivative of -i**3/6 + 2*i**2 + 688*i. Calculate x(f).
-2
Suppose -1 = -3*z + 2. Suppose -4 = 3*t - 7. Let f(n) = -z + t + 3 + 4*n + 1. Calculate f(-3).
-8
Let c(t) = -43*t + 43. Let h(p) = -14*p + 17. Let v(l) = -3*c(l) + 8*h(l). Determine v(-3).
-44
Suppose -i + 3*o = -2*o + 23, 4*o = -5*i + 30. Let q(c) = -46*c + c**i + 46*c. Let f be 6/4*(-28)/(-21). Give q(f).
4
Let r be (-20)/15*3/(-2). Let k(h) = -3*h**3 - 5*h**2 - 2. Let b(m) = -1 + 3*m**3 - 6 + 9 + 6*m**2 + m**3. Let p(d) = -5*b(d) - 6*k(d). Calculate p(r).
-14
Let x(u) be the second derivative of u**5/20 + 5*u**4/12 + u**3/2 - 2*u**2 + 4*u. Let j be x(-4). Let b(l) = l + 11. Calculate b(j).
11
Let l(h) be the first derivative of 2 + h**2 - 4*h - 1/3*h**3. Let n(w) = 1. Let j(x) = -l(x) - 4*n(x). What is j(4)?
8
Let z(f) be the third derivative of -f**5/20 + f**4/8 + 2*f**3/3 + 40*f**2. What is z(4)?
-32
Let m(c) = c**3 + 7*c**2 + c + 8. Let f be m(-7). Let w(z) = -2*z**3 + z**2. Let s(q) = -12*q**3 + 5*q*